 = 2*r**2 + 278*r - 1926. Let q = 4 - -11. Calculate the remainder when u(7) is divided by q.
13
Let h(n) = 3*n + 3. Suppose -2*w = -4*w + 10. Let i(v) = -4*v - 3. Let x(k) = w*h(k) + 4*i(k). Calculate the remainder when 63 is divided by x(-10).
11
Let r(l) = 1003*l + 1010. Let y(k) = 75*k + 6. Let f(p) = 15*p + 1. Let s(j) = -11*f(j) + 2*y(j). Calculate the remainder when s(-3) is divided by r(-1).
4
Suppose 9*q = 6*q + 9. Suppose -3*h + o + 17 = -16, -q*o + 45 = 3*h. Calculate the remainder when 94 is divided by h.
10
Let k = 52 + -41. Calculate the remainder when (-1 - (-2)/(-2)) + 4 + -12 + 60 is divided by k.
6
Suppose -5*j + 3*p + 675 + 1271 = 0, -4*j - 5*p = -1542. Calculate the remainder when j is divided by 33.
25
Let l(y) be the second derivative of -y**5/10 - 5*y**4/4 - 7*y**3/6 + 23*y**2/2 + 12*y. Calculate the remainder when 457 is divided by l(-7).
20
Suppose 1932 = -366*o + 389*o. Let h(u) = 7*u**3 - u**2 - u - 1. Let n be h(-2). Let y = o + n. Calculate the remainder when 70 is divided by y.
20
Suppose 0 = 12*r - 9*r - 12. Suppose 4*k - 16 = -4*w, -5*w = r*k - 1 - 11. Suppose 2*l = 6*l - 124. Calculate the remainder when l is divided by k.
7
Let a(t) be the second derivative of -t**5/20 + t**4/3 + 2*t**3/3 - 3*t**2/2 - t. What is the remainder when 1887/222*(3 + -7)*-1 is divided by a(4)?
8
Let f = 2724 - 2603. What is the remainder when f is divided by 15?
1
Let y be 3 + (0 - 1) + (-21)/(-7). Suppose -36 = -y*v + 17*v. Calculate the remainder when (-4)/6 - 359/v is divided by 30.
29
Let c = -24151 + 37755. Calculate the remainder when c is divided by 31.
26
Suppose 2*o + 4*w - 10 = 0, 2*w - w = 4*o - 2. Calculate the remainder when 74 is divided by 4 + o*(-3 - 117)/(-5).
18
Suppose -8*g + 3794 = -4941 + 2287. Calculate the remainder when g is divided by 3.
2
Calculate the remainder when ((-6)/(-5))/(-1) + (-13081432)/(-1510) is divided by 8.
6
Let o = -7 + 12. Let u = 80 - 6. Suppose 12*n - a - u = 9*n, -a - 120 = -5*n. What is the remainder when n is divided by o?
3
Let s(k) = -94*k - 2480. What is the remainder when 343 is divided by s(-30)?
3
Calculate the remainder when 95*(-16)/(-68)*17/2 is divided by 58.
16
Suppose -t = -0*t. Let s(k) = -2*k - 335 + 340 + k**2 + 2*k. What is the remainder when 38 is divided by s(t)?
3
Let m(u) = u**2 - 9*u + 26. Let y be m(4). Suppose 3*d - 5 = 7, 0 = -o + 2*d - y. Calculate the remainder when 18 is divided by o.
0
Suppose 4 = -3*d + 5*i + 36, -4*i = -d + 20. Suppose -63 = -d*k + 13. What is the remainder when 9 + 87 - (-4 + -1) - (-60)/(-6) is divided by k?
15
Let q(o) = o**2 + 13*o + 2. Let l be q(-13). Suppose 10*n = 13*n, l*x + 5*n = 336. Calculate the remainder when x is divided by 19.
16
What is the remainder when ((-3)/(-2))/3*314 is divided by 1503/27 - 7/((-126)/(-30))?
49
Suppose -3*m - 4*l + 65 = 0, -2*m - 3*l + 0*l + 45 = 0. Suppose -387*y - 76 = -388*y + j, -3*y + 5*j + 216 = 0. Calculate the remainder when y is divided by m.
7
Let u(x) = 5*x**2 + 2*x - 5. Let g be 3/18 + 2/(12/107). Suppose -g = h - 21. What is the remainder when u(h) is divided by 16?
14
Suppose -d + 2*y + 2 = 6*y, -2*y - 8 = 0. Let s(h) = h**3 + 21*h**2 - 66*h + 151. What is the remainder when d is divided by s(-24)?
4
Suppose -18*i - 4*i + 902 = 0. Suppose 3*z - 5*k - 283 + 63 = 0, -5*k = -4*z + 300. Calculate the remainder when z is divided by i.
39
Let a be -1 + (-2 - -52)/2. Let c(p) = -8*p - 213. Let n be c(-27). Suppose -16 = -h + 3*z, -n*z = 5*h - 2 - a. What is the remainder when 16 is divided by h?
2
Let b(m) = -m**3 + 4*m**2 + 15*m - 5. Suppose 155*d + 12 = 157*d. What is the remainder when 103 is divided by b(d)?
12
Suppose -4*w + 87 = -181. Suppose 3*y - 78 = -456. Let f = y - -160. What is the remainder when w is divided by f?
33
Suppose -33*b + 44*b = 594. Suppose -16*n - b = -18*n. Calculate the remainder when 52 is divided by n.
25
Let d(b) = -b**3 + 55*b**2 + 10*b - 538. What is the remainder when 431 is divided by d(55)?
11
Suppose -9 + 5 = 4*s, -5*l + 2*s + 212 = 0. Suppose -7*c + 69 = -4*c. What is the remainder when l is divided by c?
19
Suppose 59*d + 170 = 76*d. Calculate the remainder when 31 is divided by -2 - ((-1060)/50 - (-2)/d).
12
Calculate the remainder when ((-328)/8)/((-11)/55) is divided by 21.
16
Let k = -2402 + 2498. Calculate the remainder when k is divided by 26.
18
Let l(d) = 79*d - 187. Let v be l(13). Let i = v - 793. What is the remainder when 131 is divided by i?
37
Let a be (-389)/2 + 6/(-4). Let p(r) = 2*r**2 + 50*r - 74. What is the remainder when p(-28) is divided by (-6)/10 + a/(-10)?
18
Suppose 287 + 7 = 3*q. Suppose 25*t - 92 - 233 = 0. Calculate the remainder when q is divided by t.
7
Let j(l) = -15*l + 803. Calculate the remainder when j(13) is divided by 77.
69
Let t be (58/3)/(4/6). Suppose -5*h - 7*x + 80 = -2*x, -22 = -h + 5*x. Let w = t - h. Calculate the remainder when 35 is divided by w.
11
Suppose 11*x - 14*x - 11*x + 2100 = 0. What is the remainder when x is divided by 42?
24
Suppose 2*c + 26 = -3*b, -c + 4*b - 2 = -0*b. What is the remainder when (-8 + -6)*(45/c + 1) is divided by 3/3 - 16/(-1)?
15
Suppose 34*d = 159 + 1 - 24. What is the remainder when 29 is divided by d?
1
What is the remainder when 290 is divided by (-16 + 9)*(-5 + -5)?
10
Let g(v) = v**2 - 11*v - 8. Suppose -2 = -u - 2*z, -4*u = -3*z - 0*z - 63. Let y be g(u). Calculate the remainder when 40 is divided by 61/4 + (11/y - 3).
10
Let v = -30 + 85. Suppose -4*r - v = -9*r. What is the remainder when 4/(-14) + 114/42*20 is divided by r?
10
Suppose -3*b = -2*v - 214, 3*b + v + 3*v = 220. Calculate the remainder when 2148/15*(-330)/(-132) is divided by b.
70
Suppose -117410 + 4493 = -5*x + f, -2*x - 4*f + 45180 = 0. What is the remainder when x is divided by 46?
44
Let t(g) = -g**2 + 52*g + 320. What is the remainder when t(32) is divided by 246?
222
Suppose 3*u = -3*l + 672, -4*u - 894 = -4*l - 7*u. Calculate the remainder when l is divided by 15.
12
Suppose -15*z + 27 = 2*z - 755. What is the remainder when 1471 is divided by z?
45
Let z(n) = 6*n**2 - 14*n + 62. Let y be z(14). Let h = y + -1027. What is the remainder when 6/((-2)/(-20)*3) is divided by h?
5
Suppose 178*y - 158*y - 1805 = 2715. Calculate the remainder when y is divided by 11.
6
Let g = -37894 + 38568. What is the remainder when 1349 is divided by g?
1
Suppose -5*p - 2*y = 125, -4*p + 4*y = 3*y + 113. What is the remainder when 124 is divided by p/(-4)*6/9*4?
16
Let y(k) = 10*k**3 - 10*k**2 - 140*k + 573. What is the remainder when y(4) is divided by 32?
13
Suppose 4*v - 370 = 9550. Suppose 20*x - 4*x = v. Calculate the remainder when x is divided by 6.
5
Suppose 2*b - 123 = -3*n - 2*b, -2*n - 4*b + 82 = 0. Suppose 2*z - 34 = 18. What is the remainder when n is divided by z?
15
Let f(k) = 6*k - 56. Let v be f(10). Suppose 5*s + 2*o - 1049 = 0, -v*s - 428 = -6*s - 5*o. Calculate the remainder when s is divided by 35.
34
What is the remainder when 2542*6*(-10)/(-360)*3 is divided by 159?
158
Suppose 0 = 92*u - 92431 + 29411. What is the remainder when u is divided by 138?
133
Let u(o) = 4*o**3 - 3*o**2 - o + 2. Let a be u(2). Let l be (95/a)/(2/16). Let j = 55 - l. What is the remainder when 67 is divided by j?
16
Suppose -14*k = -410 - 10. Suppose -2*s - 85 + 1 = -2*p, -4*s - k = -p. Calculate the remainder when p is divided by 12.
10
Let o(x) = -x**2 - 16*x - 65. Let h(v) = v**2 + 17*v + 66. Let d(i) = 4*h(i) + 3*o(i). Calculate the remainder when 5 is divided by d(-16).
0
Let y(l) = -11*l + 8*l**2 + 10*l - 5*l + 3 - 1. Calculate the remainder when 26 is divided by y(2).
4
Suppose 5 - 103 = -2*t. Calculate the remainder when t is divided by (2/4)/((-2983)/(-494) - 6).
10
Calculate the remainder when 618 is divided by (660/40 + -15)/((-6)/(-20)) - -101.
88
Let t(d) = 19*d**2 + 23*d - 14. Let i(v) = 6*v**2 + 8*v - 5. Let b(j) = -17*i(j) + 6*t(j). What is the remainder when 29 is divided by b(-1)?
7
Let p(r) = -r**3 - 8*r**2 - 2*r + 5. Let l be p(-5). Let z = l + 64. Calculate the remainder when 114 is divided by (z + (-24)/4)*58/(-4).
27
Suppose -302*u + 5424 = -286*u. Calculate the remainder when u is divided by 79.
23
Let b be ((-60)/(-8))/(-3)*-2. Suppose z + 30 = 2*h, -5*h = b*z - 2*z - 64. What is the re